{"id":996,"date":"2020-05-26T19:20:30","date_gmt":"2020-05-26T19:20:30","guid":{"rendered":"http:\/\/www.neobaby.com.br\/neo_baby\/?page_id=996"},"modified":"2020-05-30T18:19:28","modified_gmt":"2020-05-30T21:19:28","slug":"dicas","status":"publish","type":"page","link":"https:\/\/www.neobaby.com.br\/neo_baby\/dicas\/","title":{"rendered":"Dicas"},"content":{"rendered":"\n<section class=\"wp-block-uagb-section uagb-section__wrap uagb-section__background-image uagb-block-9678000c\"><div class=\"uagb-section__overlay\"><\/div><div class=\"uagb-section__inner-wrap\">\n<section class=\"wp-block-uagb-section uagb-section__wrap uagb-section__background-undefined uagb-block-db957bda\"><div class=\"uagb-section__overlay\"><\/div><div class=\"uagb-section__inner-wrap\"><\/div><\/section>\n<\/div><\/section>\n\n\n\n<section class=\"wp-block-uagb-section uagb-section__wrap uagb-section__background-undefined uagb-block-e949b735-7e0c-4f01-a526-90709aa235ef\"><div class=\"uagb-section__overlay\"><\/div><div class=\"uagb-section__inner-wrap\">\n<section class=\"wp-block-uagb-columns uagb-columns__wrap uagb-columns__background-color uagb-columns__stack-mobile uagb-columns__valign-undefined uagb-columns__gap-10 alignundefined uagb-block-d0d1c774-60b0-4ba8-9e8b-a567a76b332f\"><div class=\"uagb-columns__overlay\"><\/div><div class=\"uagb-columns__inner-wrap uagb-columns__columns-2\">\n<div class=\"wp-block-uagb-column uagb-column__wrap uagb-column__background-color uagb-block-9df50044-773b-40ce-b648-bca2cd79042e\"><div class=\"uagb-column__overlay\"><\/div><div class=\"uagb-column__inner-wrap\">\n<div class=\"wp-block-uagb-info-box uagb-infobox__outer-wrap uagb-block-19823efb-3ba0-4b2d-8719-e7ab5bf16385\"><div class=\"uagb-infobox__content-wrap uagb-infobox uagb-infobox-has-icon uagb-infobox-icon-above-title uagb-infobox-image-valign-top uagb-infobox-enable-border-radius \"><div class=\"uagb-ifb-left-right-wrap\"><div class=\"uagb-ifb-content\"><div class=\"uagb-ifb-image-icon-content uagb-ifb-imgicon-wrap\"><div class=\"uagb-ifb-icon-wrap\"><span class=\"uagb-ifb-icon\"><svg xmlns=\"http:\/\/www.w3.org\/2000\/svg\" viewbox=\"0 0 512 512\"><path d=\"M497.9 142.1l-46.1 46.1c-4.7 4.7-12.3 4.7-17 0l-111-111c-4.7-4.7-4.7-12.3 0-17l46.1-46.1c18.7-18.7 49.1-18.7 67.9 0l60.1 60.1c18.8 18.7 18.8 49.1 0 67.9zM284.2 99.8L21.6 362.4.4 483.9c-2.9 16.4 11.4 30.6 27.8 27.8l121.5-21.3 262.6-262.6c4.7-4.7 4.7-12.3 0-17l-111-111c-4.8-4.7-12.4-4.7-17.1 0zM124.1 339.9c-5.5-5.5-5.5-14.3 0-19.8l154-154c5.5-5.5 14.3-5.5 19.8 0s5.5 14.3 0 19.8l-154 154c-5.5 5.5-14.3 5.5-19.8 0zM88 424h48v36.3l-64.5 11.3-31.1-31.1L51.7 376H88v48z\"><\/path><\/svg><\/span><\/div><\/div><div class=\"uagb-ifb-title-wrap\"><h3 class=\"uagb-ifb-title\">Aleitamento Materno<\/h3><\/div><div class=\"uagb-ifb-text-wrap\"><p class=\"uagb-ifb-desc\">Para o sucesso da amamenta\u00e7\u00e3o s\u00e3o importantes dois fatores: a posi\u00e7\u00e3o da m\u00e3e e do beb\u00ea e a \u201cpega correta\u201d do beb\u00ea. A posi\u00e7\u00e3o da m\u00e3e e do beb\u00ea A m\u00e3e deve escolher uma posi\u00e7\u00e3o onde esteja con [&#8230;]<\/p><\/div><\/div><\/div><\/div><\/div>\n\n\n<style>.wp-block-kadence-advancedbtn.kb-btns_dff8d6-4b{gap:var(--global-kb-gap-xs, 0.5rem );justify-content:center;align-items:center;}.kt-btns_dff8d6-4b .kt-button{font-weight:normal;font-style:normal;}.kt-btns_dff8d6-4b .kt-btn-wrap-0{margin-right:5px;}.wp-block-kadence-advancedbtn.kt-btns_dff8d6-4b .kt-btn-wrap-0 .kt-button{color:#ffffff;background:#e67e60;border-color:#555555;}.wp-block-kadence-advancedbtn.kt-btns_dff8d6-4b .kt-btn-wrap-0 .kt-button:hover, .wp-block-kadence-advancedbtn.kt-btns_dff8d6-4b .kt-btn-wrap-0 .kt-button:focus{color:#e67e60;border-color:#444444;}.wp-block-kadence-advancedbtn.kt-btns_dff8d6-4b .kt-btn-wrap-0 .kt-button::before{display:none;}.wp-block-kadence-advancedbtn.kt-btns_dff8d6-4b .kt-btn-wrap-0 .kt-button:hover, .wp-block-kadence-advancedbtn.kt-btns_dff8d6-4b .kt-btn-wrap-0 .kt-button:focus{background:#000000;}<\/style>\n<div class=\"wp-block-kadence-advancedbtn kt-btn-align-center kt-btn-tablet-align-inherit kt-btn-mobile-align-inherit kt-btns-wrap kt-btns_dff8d6-4b\"><div class=\"kt-btn-wrap kt-btn-wrap-0\"><a class=\"kt-button button kt-btn-0-action kt-btn-size-standard kt-btn-style-basic kt-btn-svg-show-always kt-btn-has-text-true kt-btn-has-svg-false\" href=\"http:\/\/www.neobaby.com.br\/neo_baby\/category\/aleitamento-materno\/\" style=\"border-radius:50px;border-width:0px\"><span class=\"kt-btn-inner-text\">CONTINUAR LENDO<\/span><\/a><\/div><\/div>\n<\/div><\/div>\n\n\n\n<div class=\"wp-block-uagb-column uagb-column__wrap uagb-column__background-undefined uagb-block-61e05032-227a-4586-a7a4-c66da88af081\"><div class=\"uagb-column__overlay\"><\/div><div class=\"uagb-column__inner-wrap\">\n<div class=\"wp-block-image img-borda mb-0 mt-0\"><figure class=\"aligncenter size-large\"><img loading=\"lazy\" decoding=\"async\" width=\"309\" height=\"168\" src=\"http:\/\/www.neobaby.com.br\/neo_baby\/wp-content\/uploads\/2020\/05\/dicas1.jpg\" alt=\"\" class=\"wp-image-997\" title=\"img-borda\" srcset=\"https:\/\/www.neobaby.com.br\/neo_baby\/wp-content\/uploads\/2020\/05\/dicas1.jpg 309w, https:\/\/www.neobaby.com.br\/neo_baby\/wp-content\/uploads\/2020\/05\/dicas1-300x163.jpg 300w, https:\/\/www.neobaby.com.br\/neo_baby\/wp-content\/uploads\/2020\/05\/dicas1-202x110.jpg 202w\" sizes=\"(max-width: 309px) 100vw, 309px\" \/><\/figure><\/div>\n<\/div><\/div>\n<\/div><\/section>\n\n\n\n<section class=\"wp-block-uagb-columns uagb-columns__wrap uagb-columns__background-color uagb-columns__stack-mobile uagb-columns__valign-undefined uagb-columns__gap-10 alignundefined uagb-columns__reverse-mobile uagb-block-c391b64e-3f0b-40db-82a9-3ccc1151e37b\"><div class=\"uagb-columns__overlay\"><\/div><div class=\"uagb-columns__inner-wrap uagb-columns__columns-2\">\n<div class=\"wp-block-uagb-column uagb-column__wrap uagb-column__background-undefined uagb-block-d384760f-3c50-48d5-84c8-72765a7ffebb\"><div class=\"uagb-column__overlay\"><\/div><div class=\"uagb-column__inner-wrap\">\n<div class=\"wp-block-image img-borda mb-0 mt-0\"><figure class=\"aligncenter size-large is-resized\"><img loading=\"lazy\" decoding=\"async\" src=\"http:\/\/www.neobaby.com.br\/neo_baby\/wp-content\/uploads\/2020\/05\/dicas3.jpg\" alt=\"\" class=\"wp-image-1109\" width=\"400\" height=\"217\" srcset=\"https:\/\/www.neobaby.com.br\/neo_baby\/wp-content\/uploads\/2020\/05\/dicas3.jpg 309w, https:\/\/www.neobaby.com.br\/neo_baby\/wp-content\/uploads\/2020\/05\/dicas3-300x163.jpg 300w, https:\/\/www.neobaby.com.br\/neo_baby\/wp-content\/uploads\/2020\/05\/dicas3-202x110.jpg 202w\" sizes=\"(max-width: 400px) 100vw, 400px\" \/><\/figure><\/div>\n<\/div><\/div>\n\n\n\n<div class=\"wp-block-uagb-column uagb-column__wrap uagb-column__background-color uagb-block-88bf4e1d-2532-44da-a246-81734fd0dde6\"><div class=\"uagb-column__overlay\"><\/div><div class=\"uagb-column__inner-wrap\">\n<div class=\"wp-block-uagb-info-box uagb-infobox__outer-wrap uagb-block-6952483b-78d6-4301-8b2f-5065c71d40f1\"><div class=\"uagb-infobox__content-wrap uagb-infobox uagb-infobox-has-icon uagb-infobox-icon-above-title uagb-infobox-image-valign-top uagb-infobox-enable-border-radius \"><div class=\"uagb-ifb-left-right-wrap\"><div class=\"uagb-ifb-content\"><div class=\"uagb-ifb-image-icon-content uagb-ifb-imgicon-wrap\"><div class=\"uagb-ifb-icon-wrap\"><span class=\"uagb-ifb-icon\"><svg xmlns=\"http:\/\/www.w3.org\/2000\/svg\" viewbox=\"0 0 640 512\"><path d=\"M192 256c61.9 0 112-50.1 112-112S253.9 32 192 32 80 82.1 80 144s50.1 112 112 112zm76.8 32h-8.3c-20.8 10-43.9 16-68.5 16s-47.6-6-68.5-16h-8.3C51.6 288 0 339.6 0 403.2V432c0 26.5 21.5 48 48 48h288c26.5 0 48-21.5 48-48v-28.8c0-63.6-51.6-115.2-115.2-115.2zM480 256c53 0 96-43 96-96s-43-96-96-96-96 43-96 96 43 96 96 96zm48 32h-3.8c-13.9 4.8-28.6 8-44.2 8s-30.3-3.2-44.2-8H432c-20.4 0-39.2 5.9-55.7 15.4 24.4 26.3 39.7 61.2 39.7 99.8v38.4c0 2.2-.5 4.3-.6 6.4H592c26.5 0 48-21.5 48-48 0-61.9-50.1-112-112-112z\"><\/path><\/svg><\/span><\/div><\/div><div class=\"uagb-ifb-title-wrap\"><h3 class=\"uagb-ifb-title\">Cuidados Com o Beb\u00ea<\/h3><\/div><div class=\"uagb-ifb-text-wrap\"><p class=\"uagb-ifb-desc\">Durante a gesta\u00e7\u00e3o, na maioria dos casos, os beb\u00eas ficam mais calmos durante o dia e se movimentam mais durante a noite. Este mesmo ritmo permanece durante uma ou duas semanas ap\u00f3s o nascimento. Sugest\u00f5 [&#8230;]<br><\/p><\/div><\/div><\/div><\/div><\/div>\n\n\n<style>.wp-block-kadence-advancedbtn.kb-btns_bc8549-5b{gap:var(--global-kb-gap-xs, 0.5rem );justify-content:center;align-items:center;}.kt-btns_bc8549-5b .kt-button{font-weight:normal;font-style:normal;}.kt-btns_bc8549-5b .kt-btn-wrap-0{margin-right:5px;}.wp-block-kadence-advancedbtn.kt-btns_bc8549-5b .kt-btn-wrap-0 .kt-button{color:#ffffff;background:#64be84;border-color:#555555;}.wp-block-kadence-advancedbtn.kt-btns_bc8549-5b .kt-btn-wrap-0 .kt-button:hover, .wp-block-kadence-advancedbtn.kt-btns_bc8549-5b .kt-btn-wrap-0 .kt-button:focus{color:#64be84;border-color:#444444;}.wp-block-kadence-advancedbtn.kt-btns_bc8549-5b .kt-btn-wrap-0 .kt-button::before{display:none;}.wp-block-kadence-advancedbtn.kt-btns_bc8549-5b .kt-btn-wrap-0 .kt-button:hover, .wp-block-kadence-advancedbtn.kt-btns_bc8549-5b .kt-btn-wrap-0 .kt-button:focus{background:#000000;}<\/style>\n<div class=\"wp-block-kadence-advancedbtn kt-btn-align-center kt-btn-tablet-align-inherit kt-btn-mobile-align-inherit kt-btns-wrap kt-btns_bc8549-5b\"><div class=\"kt-btn-wrap kt-btn-wrap-0\"><a class=\"kt-button button kt-btn-0-action kt-btn-size-standard kt-btn-style-basic kt-btn-svg-show-always kt-btn-has-text-true kt-btn-has-svg-false\" href=\"http:\/\/www.neobaby.com.br\/neo_baby\/category\/cuidados-com-o-bebe\/\" style=\"border-radius:50px;border-width:0px\"><span class=\"kt-btn-inner-text\">CONTINUAR LENDO<\/span><\/a><\/div><\/div>\n<\/div><\/div>\n<\/div><\/section>\n\n\n\n<section class=\"wp-block-uagb-columns uagb-columns__wrap uagb-columns__background-color uagb-columns__stack-mobile uagb-columns__valign-undefined uagb-columns__gap-10 alignundefined uagb-block-789fd1d9-a0dc-4cb8-8711-759fcd6f566f\"><div class=\"uagb-columns__overlay\"><\/div><div class=\"uagb-columns__inner-wrap uagb-columns__columns-2\">\n<div class=\"wp-block-uagb-column uagb-column__wrap uagb-column__background-color uagb-block-f83326e2-f3ec-4ade-8e44-68d0340919f7\"><div class=\"uagb-column__overlay\"><\/div><div class=\"uagb-column__inner-wrap\">\n<div class=\"wp-block-uagb-info-box uagb-infobox__outer-wrap uagb-block-007aa0f2-601f-4963-bc64-d093f36fd71a\"><div class=\"uagb-infobox__content-wrap uagb-infobox uagb-infobox-has-icon uagb-infobox-icon-above-title uagb-infobox-image-valign-top uagb-infobox-enable-border-radius \"><div class=\"uagb-ifb-left-right-wrap\"><div class=\"uagb-ifb-content\"><div class=\"uagb-ifb-image-icon-content uagb-ifb-imgicon-wrap\"><div class=\"uagb-ifb-icon-wrap\"><span class=\"uagb-ifb-icon\"><svg xmlns=\"http:\/\/www.w3.org\/2000\/svg\" viewbox=\"0 0 576 512\"><path d=\"M259.3 17.8L194 150.2 47.9 171.5c-26.2 3.8-36.7 36.1-17.7 54.6l105.7 103-25 145.5c-4.5 26.3 23.2 46 46.4 33.7L288 439.6l130.7 68.7c23.2 12.2 50.9-7.4 46.4-33.7l-25-145.5 105.7-103c19-18.5 8.5-50.8-17.7-54.6L382 150.2 316.7 17.8c-11.7-23.6-45.6-23.9-57.4 0z\"><\/path><\/svg><\/span><\/div><\/div><div class=\"uagb-ifb-title-wrap\"><h3 class=\"uagb-ifb-title\">Rec\u00e9m Nascido<\/h3><\/div><div class=\"uagb-ifb-text-wrap\"><p class=\"uagb-ifb-desc\">A apar\u00eancia dos rec\u00e9m-nascidos \u00e9 um pouco diferente dos beb\u00eas rosados e robustos que aparecem nos comerciais. Mas isso \u00e9 totalmente compreens\u00edvel: depois de ficar nove meses dentro de uma bolsa de l\u00edquid [&#8230;]<br><\/p><\/div><\/div><\/div><\/div><\/div>\n\n\n<style>.wp-block-kadence-advancedbtn.kb-btns_bf0c81-c6{gap:var(--global-kb-gap-xs, 0.5rem );justify-content:center;align-items:center;}.kt-btns_bf0c81-c6 .kt-button{font-weight:normal;font-style:normal;}.kt-btns_bf0c81-c6 .kt-btn-wrap-0{margin-right:5px;}.wp-block-kadence-advancedbtn.kt-btns_bf0c81-c6 .kt-btn-wrap-0 .kt-button{color:#ffffff;background:#4878cd;border-color:#555555;}.wp-block-kadence-advancedbtn.kt-btns_bf0c81-c6 .kt-btn-wrap-0 .kt-button:hover, .wp-block-kadence-advancedbtn.kt-btns_bf0c81-c6 .kt-btn-wrap-0 .kt-button:focus{color:#4878cd;border-color:#444444;}.wp-block-kadence-advancedbtn.kt-btns_bf0c81-c6 .kt-btn-wrap-0 .kt-button::before{display:none;}.wp-block-kadence-advancedbtn.kt-btns_bf0c81-c6 .kt-btn-wrap-0 .kt-button:hover, .wp-block-kadence-advancedbtn.kt-btns_bf0c81-c6 .kt-btn-wrap-0 .kt-button:focus{background:#000000;}<\/style>\n<div class=\"wp-block-kadence-advancedbtn kt-btn-align-center kt-btn-tablet-align-inherit kt-btn-mobile-align-inherit kt-btns-wrap kt-btns_bf0c81-c6\"><div class=\"kt-btn-wrap kt-btn-wrap-0\"><a class=\"kt-button button kt-btn-0-action kt-btn-size-standard kt-btn-style-basic kt-btn-svg-show-always kt-btn-has-text-true kt-btn-has-svg-false\" href=\"http:\/\/www.neobaby.com.br\/neo_baby\/category\/recem-nascido\/\" style=\"border-radius:50px;border-width:0px\"><span class=\"kt-btn-inner-text\">CONTINUAR LENDO<\/span><\/a><\/div><\/div>\n<\/div><\/div>\n\n\n\n<div class=\"wp-block-uagb-column uagb-column__wrap uagb-column__background-undefined uagb-block-06bc16ac-a2eb-4182-bd6c-dd43c9be64dd\"><div class=\"uagb-column__overlay\"><\/div><div class=\"uagb-column__inner-wrap\">\n<div class=\"wp-block-image img-borda mb-0 mt-0\"><figure class=\"aligncenter size-large is-resized\"><img loading=\"lazy\" decoding=\"async\" src=\"http:\/\/www.neobaby.com.br\/neo_baby\/wp-content\/uploads\/2020\/05\/dicas2.jpg\" alt=\"\" class=\"wp-image-998\" width=\"400\" height=\"217\" title=\"img-borda\" srcset=\"https:\/\/www.neobaby.com.br\/neo_baby\/wp-content\/uploads\/2020\/05\/dicas2.jpg 309w, https:\/\/www.neobaby.com.br\/neo_baby\/wp-content\/uploads\/2020\/05\/dicas2-300x163.jpg 300w, https:\/\/www.neobaby.com.br\/neo_baby\/wp-content\/uploads\/2020\/05\/dicas2-202x110.jpg 202w\" sizes=\"(max-width: 400px) 100vw, 400px\" \/><\/figure><\/div>\n<\/div><\/div>\n<\/div><\/section>\n<\/div><\/section>\n","protected":false},"excerpt":{"rendered":"","protected":false},"author":1,"featured_media":0,"parent":0,"menu_order":0,"comment_status":"closed","ping_status":"closed","template":"","meta":{"_acf_changed":false,"_uag_custom_page_level_css":"","_joinchat":[],"footnotes":""},"acf":[],"yoast_head":"<!-- This site is optimized with the Yoast SEO plugin v22.5 - https:\/\/yoast.com\/wordpress\/plugins\/seo\/ -->\n<title>Dicas - NeoBaby<\/title>\n<meta name=\"robots\" content=\"index, follow, max-snippet:-1, max-image-preview:large, max-video-preview:-1\" \/>\n<link rel=\"canonical\" href=\"https:\/\/www.neobaby.com.br\/neo_baby\/dicas\/\" \/>\n<meta property=\"og:locale\" content=\"pt_BR\" \/>\n<meta property=\"og:type\" content=\"article\" \/>\n<meta property=\"og:title\" content=\"Dicas - NeoBaby\" \/>\n<meta property=\"og:url\" content=\"https:\/\/www.neobaby.com.br\/neo_baby\/dicas\/\" \/>\n<meta property=\"og:site_name\" content=\"NeoBaby\" \/>\n<meta property=\"article:modified_time\" content=\"2020-05-30T21:19:28+00:00\" \/>\n<meta property=\"og:image\" content=\"http:\/\/www.neobaby.com.br\/neo_baby\/wp-content\/uploads\/2020\/05\/dicas1.jpg\" \/>\n<meta name=\"twitter:card\" content=\"summary_large_image\" \/>\n<meta name=\"twitter:label1\" content=\"Est. tempo de leitura\" \/>\n\t<meta name=\"twitter:data1\" content=\"1 minuto\" \/>\n<script type=\"application\/ld+json\" class=\"yoast-schema-graph\">{\"@context\":\"https:\/\/schema.org\",\"@graph\":[{\"@type\":\"WebPage\",\"@id\":\"https:\/\/www.neobaby.com.br\/neo_baby\/dicas\/\",\"url\":\"https:\/\/www.neobaby.com.br\/neo_baby\/dicas\/\",\"name\":\"Dicas - NeoBaby\",\"isPartOf\":{\"@id\":\"https:\/\/www.neobaby.com.br\/neo_baby\/#website\"},\"primaryImageOfPage\":{\"@id\":\"https:\/\/www.neobaby.com.br\/neo_baby\/dicas\/#primaryimage\"},\"image\":{\"@id\":\"https:\/\/www.neobaby.com.br\/neo_baby\/dicas\/#primaryimage\"},\"thumbnailUrl\":\"http:\/\/www.neobaby.com.br\/neo_baby\/wp-content\/uploads\/2020\/05\/dicas1.jpg\",\"datePublished\":\"2020-05-26T19:20:30+00:00\",\"dateModified\":\"2020-05-30T21:19:28+00:00\",\"breadcrumb\":{\"@id\":\"https:\/\/www.neobaby.com.br\/neo_baby\/dicas\/#breadcrumb\"},\"inLanguage\":\"pt-BR\",\"potentialAction\":[{\"@type\":\"ReadAction\",\"target\":[\"https:\/\/www.neobaby.com.br\/neo_baby\/dicas\/\"]}]},{\"@type\":\"ImageObject\",\"inLanguage\":\"pt-BR\",\"@id\":\"https:\/\/www.neobaby.com.br\/neo_baby\/dicas\/#primaryimage\",\"url\":\"http:\/\/www.neobaby.com.br\/neo_baby\/wp-content\/uploads\/2020\/05\/dicas1.jpg\",\"contentUrl\":\"http:\/\/www.neobaby.com.br\/neo_baby\/wp-content\/uploads\/2020\/05\/dicas1.jpg\"},{\"@type\":\"BreadcrumbList\",\"@id\":\"https:\/\/www.neobaby.com.br\/neo_baby\/dicas\/#breadcrumb\",\"itemListElement\":[{\"@type\":\"ListItem\",\"position\":1,\"name\":\"In\u00edcio\",\"item\":\"https:\/\/www.neobaby.com.br\/neo_baby\/\"},{\"@type\":\"ListItem\",\"position\":2,\"name\":\"Dicas\"}]},{\"@type\":\"WebSite\",\"@id\":\"https:\/\/www.neobaby.com.br\/neo_baby\/#website\",\"url\":\"https:\/\/www.neobaby.com.br\/neo_baby\/\",\"name\":\"NeoBaby\",\"description\":\"S.O.S Amamenta\u00e7\u00e3o | Curso para Gestantes\",\"publisher\":{\"@id\":\"https:\/\/www.neobaby.com.br\/neo_baby\/#organization\"},\"potentialAction\":[{\"@type\":\"SearchAction\",\"target\":{\"@type\":\"EntryPoint\",\"urlTemplate\":\"https:\/\/www.neobaby.com.br\/neo_baby\/?s={search_term_string}\"},\"query-input\":\"required name=search_term_string\"}],\"inLanguage\":\"pt-BR\"},{\"@type\":\"Organization\",\"@id\":\"https:\/\/www.neobaby.com.br\/neo_baby\/#organization\",\"name\":\"Neo Baby\",\"url\":\"https:\/\/www.neobaby.com.br\/neo_baby\/\",\"logo\":{\"@type\":\"ImageObject\",\"inLanguage\":\"pt-BR\",\"@id\":\"https:\/\/www.neobaby.com.br\/neo_baby\/#\/schema\/logo\/image\/\",\"url\":\"https:\/\/www.neobaby.com.br\/neo_baby\/wp-content\/uploads\/2015\/11\/logo.jpg\",\"contentUrl\":\"https:\/\/www.neobaby.com.br\/neo_baby\/wp-content\/uploads\/2015\/11\/logo.jpg\",\"width\":193,\"height\":71,\"caption\":\"Neo Baby\"},\"image\":{\"@id\":\"https:\/\/www.neobaby.com.br\/neo_baby\/#\/schema\/logo\/image\/\"}}]}<\/script>\n<!-- \/ Yoast SEO plugin. -->","yoast_head_json":{"title":"Dicas - NeoBaby","robots":{"index":"index","follow":"follow","max-snippet":"max-snippet:-1","max-image-preview":"max-image-preview:large","max-video-preview":"max-video-preview:-1"},"canonical":"https:\/\/www.neobaby.com.br\/neo_baby\/dicas\/","og_locale":"pt_BR","og_type":"article","og_title":"Dicas - NeoBaby","og_url":"https:\/\/www.neobaby.com.br\/neo_baby\/dicas\/","og_site_name":"NeoBaby","article_modified_time":"2020-05-30T21:19:28+00:00","og_image":[{"url":"http:\/\/www.neobaby.com.br\/neo_baby\/wp-content\/uploads\/2020\/05\/dicas1.jpg"}],"twitter_card":"summary_large_image","twitter_misc":{"Est. tempo de leitura":"1 minuto"},"schema":{"@context":"https:\/\/schema.org","@graph":[{"@type":"WebPage","@id":"https:\/\/www.neobaby.com.br\/neo_baby\/dicas\/","url":"https:\/\/www.neobaby.com.br\/neo_baby\/dicas\/","name":"Dicas - NeoBaby","isPartOf":{"@id":"https:\/\/www.neobaby.com.br\/neo_baby\/#website"},"primaryImageOfPage":{"@id":"https:\/\/www.neobaby.com.br\/neo_baby\/dicas\/#primaryimage"},"image":{"@id":"https:\/\/www.neobaby.com.br\/neo_baby\/dicas\/#primaryimage"},"thumbnailUrl":"http:\/\/www.neobaby.com.br\/neo_baby\/wp-content\/uploads\/2020\/05\/dicas1.jpg","datePublished":"2020-05-26T19:20:30+00:00","dateModified":"2020-05-30T21:19:28+00:00","breadcrumb":{"@id":"https:\/\/www.neobaby.com.br\/neo_baby\/dicas\/#breadcrumb"},"inLanguage":"pt-BR","potentialAction":[{"@type":"ReadAction","target":["https:\/\/www.neobaby.com.br\/neo_baby\/dicas\/"]}]},{"@type":"ImageObject","inLanguage":"pt-BR","@id":"https:\/\/www.neobaby.com.br\/neo_baby\/dicas\/#primaryimage","url":"http:\/\/www.neobaby.com.br\/neo_baby\/wp-content\/uploads\/2020\/05\/dicas1.jpg","contentUrl":"http:\/\/www.neobaby.com.br\/neo_baby\/wp-content\/uploads\/2020\/05\/dicas1.jpg"},{"@type":"BreadcrumbList","@id":"https:\/\/www.neobaby.com.br\/neo_baby\/dicas\/#breadcrumb","itemListElement":[{"@type":"ListItem","position":1,"name":"In\u00edcio","item":"https:\/\/www.neobaby.com.br\/neo_baby\/"},{"@type":"ListItem","position":2,"name":"Dicas"}]},{"@type":"WebSite","@id":"https:\/\/www.neobaby.com.br\/neo_baby\/#website","url":"https:\/\/www.neobaby.com.br\/neo_baby\/","name":"NeoBaby","description":"S.O.S Amamenta\u00e7\u00e3o | Curso para Gestantes","publisher":{"@id":"https:\/\/www.neobaby.com.br\/neo_baby\/#organization"},"potentialAction":[{"@type":"SearchAction","target":{"@type":"EntryPoint","urlTemplate":"https:\/\/www.neobaby.com.br\/neo_baby\/?s={search_term_string}"},"query-input":"required name=search_term_string"}],"inLanguage":"pt-BR"},{"@type":"Organization","@id":"https:\/\/www.neobaby.com.br\/neo_baby\/#organization","name":"Neo Baby","url":"https:\/\/www.neobaby.com.br\/neo_baby\/","logo":{"@type":"ImageObject","inLanguage":"pt-BR","@id":"https:\/\/www.neobaby.com.br\/neo_baby\/#\/schema\/logo\/image\/","url":"https:\/\/www.neobaby.com.br\/neo_baby\/wp-content\/uploads\/2015\/11\/logo.jpg","contentUrl":"https:\/\/www.neobaby.com.br\/neo_baby\/wp-content\/uploads\/2015\/11\/logo.jpg","width":193,"height":71,"caption":"Neo Baby"},"image":{"@id":"https:\/\/www.neobaby.com.br\/neo_baby\/#\/schema\/logo\/image\/"}}]}},"uagb_featured_image_src":{"full":false,"thumbnail":false,"medium":false,"medium_large":false,"large":false,"1536x1536":false,"2048x2048":false},"uagb_author_info":{"display_name":"admin","author_link":"https:\/\/www.neobaby.com.br\/neo_baby\/author\/admin\/"},"uagb_comment_info":0,"uagb_excerpt":null,"_links":{"self":[{"href":"https:\/\/www.neobaby.com.br\/neo_baby\/wp-json\/wp\/v2\/pages\/996"}],"collection":[{"href":"https:\/\/www.neobaby.com.br\/neo_baby\/wp-json\/wp\/v2\/pages"}],"about":[{"href":"https:\/\/www.neobaby.com.br\/neo_baby\/wp-json\/wp\/v2\/types\/page"}],"author":[{"embeddable":true,"href":"https:\/\/www.neobaby.com.br\/neo_baby\/wp-json\/wp\/v2\/users\/1"}],"replies":[{"embeddable":true,"href":"https:\/\/www.neobaby.com.br\/neo_baby\/wp-json\/wp\/v2\/comments?post=996"}],"version-history":[{"count":28,"href":"https:\/\/www.neobaby.com.br\/neo_baby\/wp-json\/wp\/v2\/pages\/996\/revisions"}],"predecessor-version":[{"id":1543,"href":"https:\/\/www.neobaby.com.br\/neo_baby\/wp-json\/wp\/v2\/pages\/996\/revisions\/1543"}],"wp:attachment":[{"href":"https:\/\/www.neobaby.com.br\/neo_baby\/wp-json\/wp\/v2\/media?parent=996"}],"curies":[{"name":"wp","href":"https:\/\/api.w.org\/{rel}","templated":true}]}}